{"id":5,"date":"2021-11-23T11:04:38","date_gmt":"2021-11-23T11:04:38","guid":{"rendered":"http:\/\/cites.comerciodiezcanedo.es\/index.php\/one-page-express\/"},"modified":"2022-11-16T11:31:27","modified_gmt":"2022-11-16T11:31:27","slug":"one-page-express","status":"publish","type":"page","link":"http:\/\/cites.comerciodiezcanedo.es\/","title":{"rendered":"Inicio"},"content":{"rendered":"<figure  class=\"wp-block-image\"><img  alt=\"\"><\/figure><div  id=\"overlapable-2\" class=\"features-coloured-icon-boxes-section\" style=\"background-color: #ffffff;\" data-label=\"Overlapable\" data-id=\"stripped-coloured-icon-boxes\" data-category=\"overlapable\" data-overlap=\"true\">\n<div  class=\"gridContainer\">\n<div  class=\"features-coloured-icon-boxes-innerrow flexbox-list dark-text\" data-type=\"row\">\n<div  class=\"features-coloured-icon-boxes-featurecol cp3cols\">\n<p  class=\"\"><img decoding=\"async\"  class=\"custom-image\" src=\"http:\/\/cites.comerciodiezcanedo.es\/wp-content\/uploads\/2022\/02\/emtic.jpg\" alt=\"\"><\/p>\n<h4  class=\"\">EMTIC<\/h4>\n<p  class=\"\">El programa CITE promueve proyectos que favorezcan la utilizaci\u00f3n de metodolog\u00edas activas, el trabajo colaborativo y multidisciplinar\u2026<\/p>\n<p  class=\"\"><a class=\"features-coloured-button\" href=\"https:\/\/emtic.educarex.es\/citesite\" target=\"_blank\" rel=\"noopener\">M\u00c1S INFO<\/a><\/p>\n<\/div>\n<div  class=\"features-coloured-icon-boxes-featurecol cp3cols\">\n<p  class=\"\"><img decoding=\"async\"  class=\"custom-image\" src=\"http:\/\/cites.comerciodiezcanedo.es\/wp-content\/uploads\/2022\/02\/innovatedsolologo-ddd5e0f4.png\" alt=\"\"><\/p>\n<h4  class=\"\">INNOVATED<\/h4>\n<p  class=\"\">INNOVATED es el Plan de Educaci\u00f3n y Competencia Digital de Extremadura que ayuda a la comunidad educativa a integrar las tecnolog\u00edas en los procesos educativos y a desarrollar programas innovadores. &nbsp;<\/p>\n<p  class=\"\"><a class=\"features-coloured-button\" href=\"https:\/\/emtic.educarex.es\/innovatedsite\" target=\"_blank\" rel=\"noopener\">M\u00c1S INFO<\/a><\/p>\n<\/div>\n<div  class=\"features-coloured-icon-boxes-featurecol cp3cols\">\n<p  class=\"\"><img decoding=\"async\"  class=\"custom-image\" src=\"http:\/\/cites.comerciodiezcanedo.es\/wp-content\/uploads\/2022\/02\/Logo-IES.png\" alt=\"\"><\/p>\n<h4  class=\"\">NUESTRO CENTRO<\/h4>\n<p  class=\"\">El IES Enrique D\u00edez-Canedo de Puebla de la Calzada inici\u00f3 su andadura all\u00e1 por el curso 92\/93 como aulario dependiente del IES Vegas Bajas de Montijo.<\/p>\n<p  class=\"\">Fue en el curso 95\/96 cuando inici\u00f3 su andadura independiente.<\/p>\n<p  class=\"\"><a class=\"features-coloured-button\" href=\"https:\/\/iesediezcanedo.educarex.es\" target=\"_blank\" rel=\"noopener\">M\u00c1S INFO<\/a><\/p>\n<\/div>\n<div  class=\"features-coloured-icon-boxes-featurecol cp3cols\">\n<p  class=\"\"><img decoding=\"async\"  class=\"custom-image\" src=\"http:\/\/cites.comerciodiezcanedo.es\/wp-content\/uploads\/2022\/02\/favicon.png\" alt=\"\"><\/p>\n<h4  class=\"\">ACTIVIDADES COMERCIALES<\/h4>\n<p  class=\"\">El ciclo formativo de T\u00e9cnico en Actividades Comerciales tuvo sus inicios en el curso 02\/03.<\/p>\n<p  class=\"\">Tras casi 20 a\u00f1os de existencia, sigue su trayectoria adapt\u00e1ndose a los cambios que se van produciendo a nivel educativo, tecnol\u00f3gico, social,, etc.<\/p>\n<p  class=\"\"><a class=\"features-coloured-button\" href=\"https:\/\/comerciodiezcanedo.es\" target=\"_blank\" rel=\"noopener\">M\u00c1S INFO<\/a><\/p>\n<\/div>\n<\/div>\n<\/div>\n<\/div><div  id=\"about-1\" class=\"about-big-images-section\" style=\"background-color: #f6f6f6;\" data-label=\"About\" data-id=\"about-big-images-section\" data-category=\"about\">\n<div  class=\"gridContainer\">\n<div  class=\"about-big-images-textrow\">\n<div  class=\"about-big-images-textcol dynamic-color\" data-type=\"column\">\n<h5  class=\"\">EL PROYECTO<\/h5>\n<h3  class=\"\">Nuestro \u00abTren de la Innovaci\u00f3n\u00bb tiene la salida en el Departamento de Comercio y Marketing, pero ha logrado incorporar algunas paradas en otros departamentos, esperamos a\u00f1adir nuevos destinos en los pr\u00f3ximos cursos.<\/h3>\n<p  class=\"\"><a  class=\"button blue big\" href=\"#\">GET STARTED NOW<\/a><\/p>\n<\/div>\n<\/div>\n<\/div>\n<div  class=\"about-big-images-bottomrow\">\n<div  class=\"about-big-images-leftimgcol\"><img decoding=\"async\"  class=\"about-big-images-leftimg\" src=\"http:\/\/cites.comerciodiezcanedo.es\/wp-content\/uploads\/2022\/01\/wordpress-g302b03976_1920.jpg\" alt=\"\"><\/div>\n<div  class=\"about-big-images-centerimgcol\"><img decoding=\"async\"  class=\"about-big-images-centerimg\" src=\"http:\/\/cites.comerciodiezcanedo.es\/wp-content\/uploads\/2022\/02\/change-gacf584e92_1920.jpg\" alt=\"\"><\/div>\n<div  class=\"about-big-images-rightimgcol\"><img decoding=\"async\"  class=\"about-big-images-rightimg\" src=\"http:\/\/cites.comerciodiezcanedo.es\/wp-content\/plugins\/one-page-express-companion\/theme-data\/one-page-express\/sections\/images\/project1.jpg\"><\/div>\n<\/div>\n<\/div><div  id=\"content-3\" class=\"content-left-image-section\" style=\"background-color: #ffffff;\" data-label=\"Content\" data-id=\"content-image-left\" data-category=\"content\">\n<div  class=\"gridContainer\">\n<div  class=\"row\">\n<div  class=\"content-left-image-imgcol\" data-type=\"column\"><img decoding=\"async\"  class=\"\" src=\"http:\/\/cites.comerciodiezcanedo.es\/wp-content\/uploads\/2022\/02\/LOGO-MAC-TARJETA-DE-VISITA.png\" alt=\"\"><\/div>\n<div  class=\"content-left-image-textcol dynamic-color\" data-type=\"column\">\n<h2  class=\"\">El Blog de la Clase de Marketing<\/h2>\n<p  class=\"large_text\">Este espacio, junto con la Google Classroom, ser\u00e1n las principales herramientas de trabajo en la clase de MARKETING DE LA ACTIVIDAD COMERCIAL del curso 1\u00ba T\u00e9cnico en Actividades comerciales del I.E.S. ENRIQUE D\u00cdEZ-CANEDO (Puebla de la Calzada).<\/p>\n<p  class=\"\"><a class=\"button blue\" href=\"https:\/\/elblogdelaclasedemarketing.wordpress.com\" target=\"_blank\" rel=\"noopener\"> EL BLOG <\/a><\/p>\n<\/div>\n<\/div>\n<\/div>\n<\/div><div  id=\"cta-1\" class=\"cta-blue-section\" data-label=\"Call to action\" data-id=\"cta-blue-section\" data-category=\"cta\">\n<div  class=\"gridContainer\">\n<div  class=\"flexbox-list flexbox-list-align-center row\">\n<div  class=\"cta-blue-textcol dynamic-color\">\n<h2  class=\"cta-blue-text\"><b >Nuestros proyectos m\u00e1s destacados<\/b><\/h2>\n<\/div>\n<div  class=\"cta-blue-btncol\"><a class=\"button big yellow dark-text\" href=\"https:\/\/comerciodiezcanedo.es\" target=\"_blank\" rel=\"noopener\"> Comercio D\u00edez-Canedo <\/a><\/div>\n<\/div>\n<\/div>\n<\/div><div  id=\"portfolio-2\" style=\"background-color: #ffffff;\" data-label=\"Portfolio\" data-id=\"portfolio-full-section\" data-category=\"portfolio\">\n<div  class=\"portfolio-full-section\" data-type=\"row\">\n<div  class=\"portfolio-full-projectco cp4cols cp4cols-tablet\">\n<div  id=\"ContentSwap103\" class=\"contentswap-effect ContentSwap103\">\n<div  class=\"ContentSwap103_content initial-image\"><img decoding=\"async\"  class=\"portfolio-full-projectimg\" src=\"http:\/\/cites.comerciodiezcanedo.es\/wp-content\/uploads\/2022\/02\/cropped-20211102_100344-scaled-1.jpg\" data-size=\"1200x800\"><\/div>\n<div  class=\"overlay\" style=\"display: block; opacity: 1;\">&nbsp;<\/div>\n<div  class=\"swap-inner\" style=\"opacity: 1; display: block;\">\n<div  class=\"ContentSwap103-center\">\n<h4  class=\"protfolio-full-itemtitle\">FERIA DEL LIBRO<\/h4>\n<p ><a class=\"button yellow\" href=\"http:\/\/cites.comerciodiezcanedo.es\/index.php\/2022\/02\/21\/actividad-feria-del-libro\" target=\"_blank\" rel=\"noopener\">\u00c9chale un vistazo<\/a><\/p>\n<\/div>\n<\/div>\n<\/div>\n<\/div>\n<div  class=\"portfolio-full-projectco cp4cols cp4cols-tablet\">\n<div  id=\"ContentSwap103\" class=\"contentswap-effect ContentSwap103\">\n<div  class=\"ContentSwap103_content initial-image\"><img decoding=\"async\"  class=\"portfolio-full-projectimg\" src=\"http:\/\/cites.comerciodiezcanedo.es\/wp-content\/uploads\/2022\/04\/cropped-WhatsApp-Image-2022-03-25-at-10.21.31-AM.jpeg\" data-size=\"1200x800\"><\/div>\n<div  class=\"overlay\" style=\"display: block; opacity: 1;\">&nbsp;<\/div>\n<div  class=\"swap-inner\" style=\"opacity: 1; display: block;\">\n<div  class=\"ContentSwap103-center\">\n<h4  class=\"protfolio-full-itemtitle\">HUERTO ECOL\u00d3GICO<\/h4>\n<p ><a class=\"button yellow\" href=\"http:\/\/cites.comerciodiezcanedo.es\/index.php\/2022\/04\/25\/huerto-ecologico-y-comercio\" target=\"_blank\" rel=\"noopener\">\u00c9chale un vistazo<\/a><\/p>\n<p ><img decoding=\"async\" loading=\"lazy\"  class=\"alignnone wp-image-227 size-full\" src=\"http:\/\/cites.comerciodiezcanedo.es\/wp-content\/uploads\/2022\/06\/Foto06.jpg\" alt=\"\" width=\"2048\" height=\"1536\" srcset=\"http:\/\/cites.comerciodiezcanedo.es\/wp-content\/uploads\/2022\/06\/Foto06.jpg 2048w, http:\/\/cites.comerciodiezcanedo.es\/wp-content\/uploads\/2022\/06\/Foto06-300x225.jpg 300w, http:\/\/cites.comerciodiezcanedo.es\/wp-content\/uploads\/2022\/06\/Foto06-1024x768.jpg 1024w, http:\/\/cites.comerciodiezcanedo.es\/wp-content\/uploads\/2022\/06\/Foto06-768x576.jpg 768w, http:\/\/cites.comerciodiezcanedo.es\/wp-content\/uploads\/2022\/06\/Foto06-1536x1152.jpg 1536w, http:\/\/cites.comerciodiezcanedo.es\/wp-content\/uploads\/2022\/06\/Foto06-1440x1080.jpg 1440w\" sizes=\"auto, (max-width: 2048px) 100vw, 2048px\"><\/p>\n<\/div>\n<\/div>\n<\/div>\n<\/div>\n<div  class=\"portfolio-full-projectco cp4cols cp4cols-tablet\">\n<div  id=\"ContentSwap103\" class=\"contentswap-effect ContentSwap103\">\n<div  class=\"swap-inner\" style=\"opacity: 1; display: block;\">\n<div  class=\"ContentSwap103-center\">\n<h4  class=\"protfolio-full-itemtitle\">TIENDA FIN DE CURSO<\/h4>\n<p ><a class=\"button yellow\" href=\"#\" target=\"_self\" rel=\"noopener\">\u00c9chale un vistazo<\/a><\/p>\n<\/div>\n<\/div>\n<\/div>\n<\/div>\n<\/div>\n<\/div><p ><span  id=\"more-5\"><\/span><\/p><p ><!--more--><\/p><div  id=\"team-1\" class=\"team-colors-section\" style=\"background-color: #ffffff;\" data-label=\"Team\" data-id=\"team-colors-section\" data-category=\"team\">\n<div  class=\"gridContainer\">\n<div  class=\"team-colors-textcol dynamic-color\">\n<h2 >NUESTRO EQUIPO<\/h2>\n<p  class=\"\">El Departamento de Comercio y Marketing del IES Enrique D\u00edez-Canedo est\u00e1 formado por los siguientes miembros:<\/p>\n<\/div>\n<div  class=\"team-colors-membersrow dark-text\" data-type=\"row\">\n<div  class=\"team-colors-membercol cp3cols cp6cols-tablet\">\n<div  class=\"team-colors-membercard\">\n<div  class=\"team-colors-background\">&nbsp;<\/div>\n<div  class=\"team-colors-memberinfo\" data-type=\"column\"><img decoding=\"async\"  class=\"team-colors-memberimg\" src=\"http:\/\/cites.comerciodiezcanedo.es\/wp-content\/uploads\/2022\/04\/cropped-Antonio.jpg\" alt=\"\" data-size=\"500x500\">\n<p  class=\"\">&nbsp;<\/p>\n<h4  class=\"team-colors-membername\">Antonio G.\n<br >Cabezudo Rodr\u00edguez<\/h4>\n\n\n<p  class=\"team-colors-memberposition\">Jefe de Dto.<\/p>\n<hr  class=\"team-colors-separator\"><\/div>\n<div  class=\"team-colors-membericons\" data-type=\"group\">&nbsp;<\/div>\n<\/div>\n<\/div>\n<div  class=\"team-colors-membercol cp3cols cp6cols-tablet\">\n<div  class=\"team-colors-membercard\">\n<div  class=\"team-colors-background\">&nbsp;<\/div>\n<div  class=\"team-colors-memberinfo\" data-type=\"column\"><img decoding=\"async\"  class=\"team-colors-memberimg\" src=\"http:\/\/cites.comerciodiezcanedo.es\/wp-content\/uploads\/2022\/04\/cropped-Julia.jpg\" alt=\"\" data-size=\"500x500\">\n<p  class=\"\">&nbsp;<\/p>\n<h4  class=\"team-colors-membername\">Julia\n<br >Delgado Mar\u00edn<\/h4>\n\n\n<p  class=\"team-colors-memberposition\">Tutora de 2\u00ba<\/p>\n<hr  class=\"team-colors-separator\"><\/div>\n<div  class=\"team-colors-membericons\" data-type=\"group\">&nbsp;<\/div>\n<\/div>\n<\/div>\n<div  class=\"team-colors-membercol cp3cols cp6cols-tablet\">\n<div  class=\"team-colors-membercard\">\n<div  class=\"team-colors-background\">&nbsp;<\/div>\n<div  class=\"team-colors-memberinfo\" data-type=\"column\"><img decoding=\"async\"  class=\"team-colors-memberimg\" src=\"http:\/\/cites.comerciodiezcanedo.es\/wp-content\/uploads\/2022\/11\/cropped-Laura.jpg\" alt=\"\" data-size=\"500x500\">\n<p  class=\"\">&nbsp;<\/p>\n<h4  class=\"team-colors-membername\">Laura S\u00e1nchez-Mayoral Gonz\u00e1lez<\/h4>\n<p  class=\"team-colors-memberposition\">Tutora de 1\u00ba<\/p>\n<hr  class=\"team-colors-separator\"><\/div>\n<div  class=\"team-colors-membericons\" data-type=\"group\">&nbsp;<\/div>\n<\/div>\n<\/div>\n<div  class=\"team-colors-membercol cp3cols cp6cols-tablet\">\n<div  class=\"team-colors-membercard\">\n<div  class=\"team-colors-background\">&nbsp;<\/div>\n<div  class=\"team-colors-memberinfo\" data-type=\"column\"><img decoding=\"async\"  class=\"team-colors-memberimg\" src=\"http:\/\/cites.comerciodiezcanedo.es\/wp-content\/uploads\/2022\/11\/cropped-Maria.jpg\" alt=\"\" data-size=\"500x500\">\n<p  class=\"\">&nbsp;<\/p>\n<h4  class=\"team-colors-membername\">Mar\u00eda \n<br >G\u00f3mez Barrena<\/h4>\n\n\n<p  class=\"team-colors-memberposition\">Profesora<\/p>\n<hr  class=\"team-colors-separator\"><\/div>\n<div  class=\"team-colors-membericons\" data-type=\"group\">&nbsp;<\/div>\n<\/div>\n<\/div>\n<\/div>\n<\/div>\n<\/div><div  id=\"latest-posts\" class=\"blog-section\" style=\"background-color: #f6f6f6;\" data-label=\"Latest posts\" data-id=\"blog-section\" data-category=\"latest_news\">\n<div  class=\"gridContainer\">\n<div  class=\"blog-textrow\">\n<div  class=\"blog-textcol dynamic-color\" data-type=\"column\">\n<h2  class=\"\">\u00daltimas entradas<\/h2>\n<p  class=\"\">Las entradas del blog recogen aspectos importantes de nuestro proyecto as\u00ed como evidencias de actividades realizadas durante el curso.<\/p>\n<\/div>\n<\/div>\n<div  class=\"blog-postsrow dark-text\" data-type=\"row\" data-dynamic-columns=\"one_page_express_latest_news_columns\" data-content-shortcode=\"one_page_express_latest_news\">            <div id=\"post-372\" class=\"blog-postcol cp4cols\">\r\n            <div class=\"post-content\">\r\n                                <div class=\"row_345\">\r\n                    <h3 class=\"blog-title\">\r\n                        <a href=\"http:\/\/cites.comerciodiezcanedo.es\/index.php\/2023\/05\/29\/proyecto-de-tienda-2023-r-ciclo\/\" rel=\"bookmark\">\r\n                            PROYECTO DE TIENDA 2023 R-CICLO                        <\/a>\r\n                    <\/h3>\r\n                    <p>Todos los a\u00f1os el&nbsp;Departamento de Comercio y Marketing&nbsp;y el alumnado del ciclo formativo de&nbsp;T\u00e9cnico en Actividades Comerciales&nbsp;trabajan el&nbsp;Proyecto de Tienda&nbsp;durante el mes de mayo. Este proyecto se lleva a cabo[&hellip;]<\/p>\n                    <a class=\"button blue small\" href=\"http:\/\/cites.comerciodiezcanedo.es\/index.php\/2023\/05\/29\/proyecto-de-tienda-2023-r-ciclo\/\">\r\n                        <span data-theme=\"one_page_express_latest_news_read_more\">Read more<\/span>\r\n                    <\/a>\r\n                    <hr class=\"blog-separator\">\n<div class=\"post-header\">\n    <i class=\"font-icon-post fa fa-user\"><\/i>\n    <a href=\"http:\/\/cites.comerciodiezcanedo.es\/index.php\/author\/comerciodiezcanedo\/\" title=\"Entradas de ACabezudoFP\" rel=\"author\">ACabezudoFP<\/a>    <i class=\"font-icon-post fa fa-calendar\"><\/i>\n    <span class=\"span12\">29 de mayo de 2023<\/span>\n\n    <i class=\"font-icon-post fa fa-comment-o\"><\/i>\n    <span>0<\/span>\n<\/div>                <\/div>\r\n            <\/div>\r\n        <\/div>\r\n                <div id=\"post-360\" class=\"blog-postcol cp4cols\">\r\n            <div class=\"post-content\">\r\n                                <div class=\"row_345\">\r\n                    <h3 class=\"blog-title\">\r\n                        <a href=\"http:\/\/cites.comerciodiezcanedo.es\/index.php\/2023\/05\/08\/6-de-mayo-dia-mundial-de-la-espondiloartritis-axial\/\" rel=\"bookmark\">\r\n                            6 de mayo, D\u00eda Mundial de la Espondiloartritis Axial                        <\/a>\r\n                    <\/h3>\r\n                    <p>El pasado 6 de Mayo fue el D\u00eda Mundial de la Espondiloartritis Axial.\u00a0 Nuestro compa\u00f1ero, Antonio Cabezudo, es miembro de la Directiva de\u00a0AEXPE, Asociaci\u00f3n Extreme\u00f1a de Pacientes con Espondiloartritis, y[&hellip;]<\/p>\n                    <a class=\"button blue small\" href=\"http:\/\/cites.comerciodiezcanedo.es\/index.php\/2023\/05\/08\/6-de-mayo-dia-mundial-de-la-espondiloartritis-axial\/\">\r\n                        <span data-theme=\"one_page_express_latest_news_read_more\">Read more<\/span>\r\n                    <\/a>\r\n                    <hr class=\"blog-separator\">\n<div class=\"post-header\">\n    <i class=\"font-icon-post fa fa-user\"><\/i>\n    <a href=\"http:\/\/cites.comerciodiezcanedo.es\/index.php\/author\/comerciodiezcanedo\/\" title=\"Entradas de ACabezudoFP\" rel=\"author\">ACabezudoFP<\/a>    <i class=\"font-icon-post fa fa-calendar\"><\/i>\n    <span class=\"span12\">8 de mayo de 2023<\/span>\n\n    <i class=\"font-icon-post fa fa-comment-o\"><\/i>\n    <span>0<\/span>\n<\/div>                <\/div>\r\n            <\/div>\r\n        <\/div>\r\n                <div id=\"post-353\" class=\"blog-postcol cp4cols\">\r\n            <div class=\"post-content\">\r\n                                <div class=\"row_345\">\r\n                    <h3 class=\"blog-title\">\r\n                        <a href=\"http:\/\/cites.comerciodiezcanedo.es\/index.php\/2023\/05\/03\/marketing-en-linea\/\" rel=\"bookmark\">\r\n                            Marketing en l\u00ednea                        <\/a>\r\n                    <\/h3>\r\n                    <p>Al igual que el curso pasado, este a\u00f1os en el m\u00f3dulo MARKETING DE LA ACTIVIDAD COMERCIAL hemos apostado por las TIC\u00b4S a la hora de abordar la asignatura. Una de[&hellip;]<\/p>\n                    <a class=\"button blue small\" href=\"http:\/\/cites.comerciodiezcanedo.es\/index.php\/2023\/05\/03\/marketing-en-linea\/\">\r\n                        <span data-theme=\"one_page_express_latest_news_read_more\">Read more<\/span>\r\n                    <\/a>\r\n                    <hr class=\"blog-separator\">\n<div class=\"post-header\">\n    <i class=\"font-icon-post fa fa-user\"><\/i>\n    <a href=\"http:\/\/cites.comerciodiezcanedo.es\/index.php\/author\/juliadelmar\/\" title=\"Entradas de Julia M. Delgado\" rel=\"author\">Julia M. Delgado<\/a>    <i class=\"font-icon-post fa fa-calendar\"><\/i>\n    <span class=\"span12\">3 de mayo de 2023<\/span>\n\n    <i class=\"font-icon-post fa fa-comment-o\"><\/i>\n    <span>0<\/span>\n<\/div>                <\/div>\r\n            <\/div>\r\n        <\/div>\r\n        <\/div>\n<div  class=\"blog-textcol\"><a  class=\"button blue\" href=\"http:\/\/cites.comerciodiezcanedo.es\/index.php\/blog\/\" data-attr-shortcode=\"href:one_page_express_blog_link\">TODAS LAS ENTRADAS<\/a><\/div>\n<\/div>\n<\/div><figure  class=\"wp-block-image\"><img  alt=\"\"><\/figure><figure  class=\"wp-block-image\"><img  alt=\"\"><\/figure><figure  class=\"wp-block-image\"><img  alt=\"\"><\/figure>","protected":false},"excerpt":{"rendered":"<p>EMTIC El programa CITE promueve proyectos que favorezcan la utilizaci\u00f3n de metodolog\u00edas activas, el trabajo colaborativo y multidisciplinar\u2026 M\u00c1S INFO INNOVATED INNOVATED es el Plan de Educaci\u00f3n y Competencia Digital de Extremadura que ayuda a la comunidad educativa a integrar las tecnolog\u00edas en los procesos educativos y a desarrollar programas innovadores. &nbsp; M\u00c1S INFO NUESTRO&hellip; <br \/> <a class=\"button small blue\" href=\"http:\/\/cites.comerciodiezcanedo.es\/index.php\/2023\/05\/03\/marketing-en-linea\/\">Leer m\u00e1s<\/a><\/p>\n","protected":false},"author":1,"featured_media":0,"parent":0,"menu_order":0,"comment_status":"closed","ping_status":"closed","template":"","meta":{"om_disable_all_campaigns":false,"_monsterinsights_skip_tracking":false,"_monsterinsights_sitenote_active":false,"_monsterinsights_sitenote_note":"","_monsterinsights_sitenote_category":0,"footnotes":""},"class_list":["post-5","page","type-page","status-publish","hentry"],"_links":{"self":[{"href":"http:\/\/cites.comerciodiezcanedo.es\/index.php\/wp-json\/wp\/v2\/pages\/5","targetHints":{"allow":["GET"]}}],"collection":[{"href":"http:\/\/cites.comerciodiezcanedo.es\/index.php\/wp-json\/wp\/v2\/pages"}],"about":[{"href":"http:\/\/cites.comerciodiezcanedo.es\/index.php\/wp-json\/wp\/v2\/types\/page"}],"author":[{"embeddable":true,"href":"http:\/\/cites.comerciodiezcanedo.es\/index.php\/wp-json\/wp\/v2\/users\/1"}],"replies":[{"embeddable":true,"href":"http:\/\/cites.comerciodiezcanedo.es\/index.php\/wp-json\/wp\/v2\/comments?post=5"}],"version-history":[{"count":37,"href":"http:\/\/cites.comerciodiezcanedo.es\/index.php\/wp-json\/wp\/v2\/pages\/5\/revisions"}],"predecessor-version":[{"id":250,"href":"http:\/\/cites.comerciodiezcanedo.es\/index.php\/wp-json\/wp\/v2\/pages\/5\/revisions\/250"}],"wp:attachment":[{"href":"http:\/\/cites.comerciodiezcanedo.es\/index.php\/wp-json\/wp\/v2\/media?parent=5"}],"curies":[{"name":"wp","href":"https:\/\/api.w.org\/{rel}","templated":true}]}}